divisor of 29 and 267119?
29
What is the greatest common divisor of 33 and 2090?
11
What is the highest common divisor of 156197 and 218?
109
What is the greatest common factor of 369 and 12054?
123
Calculate the greatest common factor of 3058 and 275.
11
Calculate the highest common divisor of 3432 and 2496.
312
Calculate the highest common divisor of 81 and 942003.
27
What is the highest common factor of 53090 and 5650?
10
What is the greatest common factor of 1354 and 454?
2
Calculate the greatest common factor of 3348 and 71052.
372
Calculate the highest common factor of 252 and 1065168.
36
Calculate the greatest common divisor of 56 and 138824.
56
Calculate the greatest common divisor of 880 and 39952.
176
What is the highest common divisor of 2118138 and 22?
22
Calculate the greatest common divisor of 1232 and 28512.
176
What is the highest common factor of 1599 and 139359?
123
Calculate the greatest common factor of 467216 and 16.
16
Calculate the highest common divisor of 868540 and 160.
20
Calculate the highest common divisor of 1172 and 64.
4
What is the greatest common factor of 6383 and 11293?
491
Calculate the greatest common factor of 1765 and 31417.
353
Calculate the greatest common divisor of 237 and 848855.
79
What is the highest common factor of 11 and 3322?
11
What is the greatest common divisor of 655655 and 1965?
655
What is the highest common divisor of 904774 and 221?
221
Calculate the greatest common factor of 1266300 and 840.
420
What is the greatest common divisor of 1408 and 1776?
16
Calculate the highest common divisor of 4954098 and 6.
6
Calculate the greatest common factor of 29094 and 240.
6
What is the greatest common divisor of 30 and 2268?
6
What is the highest common factor of 415593 and 3843?
549
What is the highest common factor of 21037 and 1853?
109
What is the greatest common divisor of 14244 and 60?
12
What is the greatest common divisor of 1403713 and 92?
23
Calculate the highest common divisor of 740 and 1060.
20
Calculate the highest common factor of 64 and 2057632.
32
Calculate the greatest common factor of 22580 and 2620.
20
Calculate the highest common divisor of 15535 and 811405.
1195
Calculate the highest common factor of 16697 and 3962.
283
What is the greatest common divisor of 1170 and 4056390?
1170
Calculate the highest common factor of 190933 and 53875.
431
What is the greatest common factor of 11 and 160501?
11
Calculate the highest common divisor of 1430143 and 13.
13
Calculate the highest common divisor of 384 and 10152.
24
What is the greatest common divisor of 53 and 105947?
53
What is the highest common factor of 83379 and 3?
3
Calculate the greatest common factor of 1324414 and 19019.
1729
What is the greatest common factor of 4617 and 36081?
171
What is the greatest common divisor of 483 and 31717?
161
Calculate the greatest common divisor of 50318 and 13622.
278
Calculate the highest common factor of 153 and 6103.
17
Calculate the greatest common divisor of 7545 and 14670.
15
Calculate the greatest common factor of 316 and 1108.
4
Calculate the highest common divisor of 14634 and 1630878.
1626
What is the highest common divisor of 131 and 81351?
131
What is the highest common factor of 30 and 76690?
10
What is the highest common divisor of 2904 and 2156?
44
What is the greatest common factor of 31050 and 120150?
1350
Calculate the highest common divisor of 604 and 5587.
151
What is the greatest common divisor of 32 and 7463728?
16
Calculate the greatest common divisor of 948 and 96.
12
Calculate the greatest common divisor of 1657799 and 286.
143
Calculate the greatest common divisor of 35 and 114480.
5
Calculate the greatest common divisor of 2015 and 715520.
65
Calculate the highest common factor of 74112 and 1158.
1158
Calculate the greatest common factor of 108 and 119628.
36
What is the highest common divisor of 57 and 90231?
57
Calculate the highest common divisor of 1840 and 2737.
23
What is the highest common divisor of 35472 and 84?
12
Calculate the greatest common factor of 305 and 15935.
5
What is the highest common divisor of 24248 and 8904?
56
What is the greatest common factor of 50585 and 25?
5
Calculate the greatest common divisor of 464 and 609406.
58
What is the greatest common divisor of 17872 and 2576?
16
What is the highest common factor of 505263 and 1757?
251
Calculate the greatest common factor of 504 and 244818.
126
Calculate the greatest common factor of 134326 and 282.
94
What is the greatest common divisor of 166 and 180857?
83
What is the highest common factor of 29680 and 840?
280
Calculate the highest common factor of 192441 and 1173.
69
What is the greatest common factor of 55094 and 3211?
169
Calculate the highest common divisor of 6566 and 1470.
98
What is the greatest common divisor of 6514777 and 779?
779
Calculate the greatest common divisor of 1283074 and 52.
26
Calculate the highest common divisor of 6561 and 27.
27
Calculate the highest common factor of 68 and 50628.
4
Calculate the highest common factor of 76588 and 41096.
1868
What is the greatest common divisor of 7315 and 1540?
385
Calculate the greatest common divisor of 116127 and 54.
27
Calculate the highest common divisor of 939295 and 1142.
571
What is the greatest common factor of 173395 and 10?
5
Calculate the highest common divisor of 58343 and 82.
41
What is the highest common divisor of 88 and 3058?
22
Calculate the highest common factor of 29 and 6865721.
29
What is the highest common factor of 54079 and 2173?
41
Calculate the highest common factor of 325299 and 2.
1
Calculate the greatest common divisor of 30 and 2355250.
10
Calculate the highest common divisor of 9 and 176400.
9
Calculate the highest common divisor of 58 and 6249848.
58
Calculate the highest common divisor of 8454 and 42.
6
What is the greatest common divisor of 13 and 2117583?
13
Calculate the greatest common divisor of 17880 and 360.
120
What is the highest common factor of 645 and 6896555?
215
What is the greatest common factor of 350 and 149750?
50
What is the greatest common factor of 24637 and 426?
71
What is the greatest common divisor of 865 and 23182?
173
What is the highest common divisor of 27 and 3342051?
9
Calculate the greatest common divisor of 188 and 44932.
188
Calculate the greatest common factor of 338 and 363688.
338
Calculate the greatest common divisor of 25 and 100200.
25
What is the greatest common factor of 123172 and 37100?
1484
Calculate the greatest common factor of 552051 and 27.
9
Calculate the greatest common factor of 870877 and 1029.
343
What is the highest common factor of 487 and 1830633?
487
What is the greatest common factor of 44461 and 2313?
257
Calculate the greatest common divisor of 6419 and 120127.
917
Calculate the greatest common divisor of 2903517 and 9.
9
What is the greatest common factor of 147 and 210161?
49
Calculate the greatest common divisor of 880558 and 14.
14
What is the highest common divisor of 54177 and 6?
3
What is the greatest common divisor of 9 and 163965?
3
Calculate the greatest common factor of 1485 and 3375.
135
Calculate the highest common factor of 2866116 and 132.
132
What is the greatest common divisor of 58527 and 42?
21
Calculate the greatest common divisor of 393 and 2353153.
131
What is the highest common factor of 39088 and 91?
7
What is the highest common divisor of 3339 and 273?
21
Calculate the greatest common divisor of 78 and 148551.
39
What is the highest common divisor of 6706 and 8890?
14
Calculate the highest common divisor of 212758 and 835.
167
Calculate the highest common factor of 34288 and 112.
16
Calculate the greatest common divisor of 493 and 5771.
29
Calculate the highest common divisor of 8841 and 189.
21
What is the highest common factor of 1541 and 184?
23
Calculate the highest common divisor of 37 and 456173.
37
What is the highest common divisor of 42 and 21273?
21
Calculate the greatest common factor of 1423 and 1319.
1
What is the highest common factor of 18032 and 99568?
784
Calculate the greatest common divisor of 28809 and 8316.
297
Calculate the highest common divisor of 24367 and 1008.
7
What is the greatest common factor of 22992 and 32?
16
What is the greatest common divisor of 35611 and 7409?
239